{"id":2241,"date":"2026-02-09T21:16:34","date_gmt":"2026-02-09T21:16:34","guid":{"rendered":"https:\/\/betheagency.com\/demo\/?page_id=2241"},"modified":"2026-04-08T18:56:54","modified_gmt":"2026-04-08T18:56:54","slug":"inicio","status":"publish","type":"page","link":"https:\/\/betheagency.com\/demo\/","title":{"rendered":"INICIO"},"content":{"rendered":"<div class=\"wpb-content-wrapper\"><p>[vc_row][vc_column]<style type=\"text\/css\" data-type=\"the7_shortcodes-inline-css\">.shortcode-single-image-wrap.shortcode-single-image-26cb03181202c878c664d4a059c04b42.enable-bg-rollover .rollover i,\n.shortcode-single-image-wrap.shortcode-single-image-26cb03181202c878c664d4a059c04b42.enable-bg-rollover .rollover-video i {\n  background: -webkit-linear-gradient();\n  background: linear-gradient();\n}\n.shortcode-single-image-wrap.shortcode-single-image-26cb03181202c878c664d4a059c04b42 .rollover-icon {\n  font-size: 32px;\n  color: #ffffff;\n  min-width: 44px;\n  min-height: 44px;\n  line-height: 44px;\n  border-radius: 100px;\n  border-style: solid;\n  border-width: 0px;\n}\n.dt-icon-bg-on.shortcode-single-image-wrap.shortcode-single-image-26cb03181202c878c664d4a059c04b42 .rollover-icon {\n  background: rgba(255,255,255,0.3);\n  box-shadow: none;\n}<\/style><div class=\"shortcode-single-image-wrap shortcode-single-image-26cb03181202c878c664d4a059c04b42 alignnone  vc_custom_1771256973572 enable-bg-rollover dt-icon-bg-off\" ><div class=\"shortcode-single-image\"><div class=\"fancy-media-wrap  layzr-bg\" style=\"\"><img decoding=\"async\" class=\"preload-me lazy-load aspect\" src=\"data:image\/svg+xml,%3Csvg%20xmlns%3D&#39;http%3A%2F%2Fwww.w3.org%2F2000%2Fsvg&#39;%20viewBox%3D&#39;0%200%20400%20100&#39;%2F%3E\" data-src=\"https:\/\/betheagency.com\/demo\/wp-content\/uploads\/2026\/01\/Logo-original-400x100.png\" data-srcset=\"https:\/\/betheagency.com\/demo\/wp-content\/uploads\/2026\/01\/Logo-original-400x100.png 400w, https:\/\/betheagency.com\/demo\/wp-content\/uploads\/2026\/01\/Logo-original-800x200.png 800w\" loading=\"eager\" sizes=\"(max-width: 400px) 100vw, 400px\" width=\"400\" height=\"100\"  data-dt-location=\"https:\/\/betheagency.com\/demo\/logo-original\/\" style=\"--ratio: 400 \/ 100;\" alt=\"\" \/><\/div><\/div><\/div>[\/vc_column][\/vc_row][vc_row full_width=\u00bbstretch_row_content_no_spaces\u00bb equal_height=\u00bbyes\u00bb css=\u00bb.vc_custom_1771256659254{margin-top: 0px !important;padding-top: 0px !important;background-color: #39465d !important;}\u00bb][vc_column width=\u00bb1\/2&#8243; css=\u00bb.vc_custom_1771256693484{margin-top: 0px !important;padding-top: 0px !important;background-color: #39465D !important;background-position: center !important;background-repeat: no-repeat !important;background-size: cover !important;}\u00bb]<div tabindex=\"0\" class=\"ult-new-ib ult-ib-effect-style6  ult-ib-resp   vc_custom_1775673746583\" data-min-width=\"\" data-max-width=\"\" style=\"background:#1f365c;\" data-opacity=\"0.7\" data-hover-opacity=\"0.3\" ><img decoding=\"async\" class=\"ult-new-ib-img\" style=\"opacity:0.7;\" alt=\"null\" src=\"https:\/\/betheagency.com\/demo\/wp-content\/uploads\/2026\/02\/Servicios.jpg\"   \/><div id=\"interactive-banner-wrap-8327\" class=\"ult-new-ib-desc\" style=\"\"><h2 class=\"ult-new-ib-title ult-responsive\"  data-ultimate-target='#interactive-banner-wrap-8327 .ult-new-ib-title'  data-responsive-json-new='{\"font-size\":\"desktop:26px;\",\"line-height\":\"desktop:30px;\"}'  style=\"font-weight:bold;color:#ffffff;\">SERVICIOS<\/h2><div class=\"ult-new-ib-content ult-responsive\"  data-ultimate-target='#interactive-banner-wrap-8327 .ult-new-ib-content'  data-responsive-json-new='{\"font-size\":\"desktop:14px;\",\"line-height\":\"desktop:22px;\"}'  style=\"font-weight:bold;color:#ffffff;\"><p>SERVICIOS MEDICOS QUIRURGICOS<br \/>\nOfrecemos servicios m\u00e9dicos quir\u00fargicos con atenci\u00f3n integral y enfoque profesional, combinando valoraci\u00f3n diagn\u00f3stica, planeaci\u00f3n personalizada y procedimientos realizados bajo est\u00e1ndares de calidad y seguridad hospitalaria.<\/p><\/div><\/div><a class=\"ult-new-ib-link\" href=\"https:\/\/betheagency.com\/demo\/home\"  data-touch-delay=\"300\"><\/a><\/div>[\/vc_column][vc_column width=\u00bb1\/2&#8243; offset=\u00bbvc_col-lg-offset-0 vc_col-lg-6 vc_col-md-offset-0 vc_col-md-6 vc_col-sm-offset-0&#8243; css=\u00bb.vc_custom_1771256703045{margin-top: 0px !important;padding-top: 0px !important;background-color: #39465D !important;background-position: center !important;background-repeat: no-repeat !important;background-size: cover !important;}\u00bb]<div tabindex=\"0\" class=\"ult-new-ib ult-ib-effect-style6  ult-ib-resp   vc_custom_1775674612267\" data-min-width=\"\" data-max-width=\"\" style=\"background:#1f365c;\" data-opacity=\"0.7\" data-hover-opacity=\"0.3\" ><img decoding=\"async\" class=\"ult-new-ib-img\" style=\"opacity:0.7;\" alt=\"null\" src=\"https:\/\/betheagency.com\/demo\/wp-content\/uploads\/2026\/02\/Diplomado.jpg\"   \/><div id=\"interactive-banner-wrap-2848\" class=\"ult-new-ib-desc\" style=\"\"><h2 class=\"ult-new-ib-title ult-responsive\"  data-ultimate-target='#interactive-banner-wrap-2848 .ult-new-ib-title'  data-responsive-json-new='{\"font-size\":\"desktop:26px;\",\"line-height\":\"desktop:30px;\"}'  style=\"font-weight:bold;color:#ffffff;\">DIPLOMADO<\/h2><div class=\"ult-new-ib-content ult-responsive\"  data-ultimate-target='#interactive-banner-wrap-2848 .ult-new-ib-content'  data-responsive-json-new='{\"font-size\":\"desktop:14px;\",\"line-height\":\"desktop:22px;\"}'  style=\"font-weight:bold;color:#ffffff;\"><p><b>COMPETENCIAS EN CIRUG\u00cdA LAPAROSC\u00d3PICA.<\/b><br \/>\nDesarrollamos habilidades quir\u00fargicas de alto rendimiento mediante programas estructurados, entrenamiento guiado y pr\u00e1ctica supervisada. Nuestro enfoque combina t\u00e9cnica, precisi\u00f3n y toma de decisiones cl\u00ednicas para formar profesionales capaces de responder con seguridad y excelencia a los retos del entorno quir\u00fargico actual.<\/p><\/div><\/div><a class=\"ult-new-ib-link\" href=\"https:\/\/betheagency.com\/demo\/diplomado-competencias-en-cirugia-laparoscopica\/\"  ><\/a><\/div>[\/vc_column][\/vc_row]<\/p>\n<\/div>","protected":false},"excerpt":{"rendered":"<p>[vc_row][vc_column][\/vc_column][\/vc_row][vc_row full_width=\u00bbstretch_row_content_no_spaces\u00bb equal_height=\u00bbyes\u00bb css=\u00bb.vc_custom_1771256659254{margin-top: 0px !important;padding-top: 0px !important;background-color: #39465d !important;}\u00bb][vc_column width=\u00bb1\/2&#8243; css=\u00bb.vc_custom_1771256693484{margin-top: 0px !important;padding-top: 0px !important;background-color: #39465D !important;background-position: center !important;background-repeat: no-repeat !important;background-size: cover !important;}\u00bb][\/vc_column][vc_column width=\u00bb1\/2&#8243; offset=\u00bbvc_col-lg-offset-0 vc_col-lg-6 vc_col-md-offset-0 vc_col-md-6 vc_col-sm-offset-0&#8243; css=\u00bb.vc_custom_1771256703045{margin-top: 0px !important;padding-top: 0px !important;background-color: #39465D !important;background-position: center !important;background-repeat: no-repeat !important;background-size: cover !important;}\u00bb][\/vc_column][\/vc_row]<\/p>\n","protected":false},"author":2,"featured_media":0,"parent":0,"menu_order":0,"comment_status":"closed","ping_status":"closed","template":"template-microsite.php","meta":{"footnotes":""},"class_list":["post-2241","page","type-page","status-publish","hentry","description-off"],"_links":{"self":[{"href":"https:\/\/betheagency.com\/demo\/wp-json\/wp\/v2\/pages\/2241","targetHints":{"allow":["GET"]}}],"collection":[{"href":"https:\/\/betheagency.com\/demo\/wp-json\/wp\/v2\/pages"}],"about":[{"href":"https:\/\/betheagency.com\/demo\/wp-json\/wp\/v2\/types\/page"}],"author":[{"embeddable":true,"href":"https:\/\/betheagency.com\/demo\/wp-json\/wp\/v2\/users\/2"}],"replies":[{"embeddable":true,"href":"https:\/\/betheagency.com\/demo\/wp-json\/wp\/v2\/comments?post=2241"}],"version-history":[{"count":13,"href":"https:\/\/betheagency.com\/demo\/wp-json\/wp\/v2\/pages\/2241\/revisions"}],"predecessor-version":[{"id":2381,"href":"https:\/\/betheagency.com\/demo\/wp-json\/wp\/v2\/pages\/2241\/revisions\/2381"}],"wp:attachment":[{"href":"https:\/\/betheagency.com\/demo\/wp-json\/wp\/v2\/media?parent=2241"}],"curies":[{"name":"wp","href":"https:\/\/api.w.org\/{rel}","templated":true}]}}